 = -a**2 - 15*a - 14. Let z be p(-10). Let j = z - r. What is the units digit of j?
2
Let u(v) = -v**2 + 6*v - 14. Let b be u(5). What is the units digit of b/(-6) + 699/6?
8
Let m = -5327 - -8764. What is the tens digit of m?
3
Let b(m) be the first derivative of m**2 + 21*m - 32. Let a be (1 - 0) + 1*-11. What is the units digit of b(a)?
1
What is the tens digit of (0 + (-69)/(-9))*15?
1
Suppose 3*r = 2*k - 16, 2*k + 2*r - 2 = -6. Suppose -3*z + 363 = 4*n - k*z, n - 81 = 3*z. What is the tens digit of n?
9
Let y be 4/(-3)*(-9)/(-6). Let x be 6/y - 42/(-6). Suppose x*j + 0*j - 160 = 0. What is the units digit of j?
0
Let f(o) = 5*o**2 - 12*o - 92. What is the hundreds digit of f(17)?
1
Let k(x) = 1074*x**2 + 21*x + 4. What is the thousands digit of k(-1)?
1
Suppose -12*w - 11307 = -49059. What is the hundreds digit of w?
1
Let b(o) = -o**2 - 8*o + 10. Let a be b(-9). Let i(j) = 11*j - 1. Let x be i(a). What is the units digit of ((-48)/x)/3*-15?
4
Suppose 3*j + 7*s = 2*s - 196, s - 109 = 2*j. Let c = j - -37. Let i = c + 27. What is the units digit of i?
7
Let c(f) = -f**3 + 5*f**2 + 6*f + 6. Suppose -3*v - 4*i = -5*i - 31, -4*i = -20. Suppose 0*w + v = 2*w. What is the units digit of c(w)?
6
Suppose -7*i + 33744 = 17*i. What is the tens digit of i?
0
Let l(u) be the third derivative of u**4/6 + 7*u**3/2 - 7*u**2. Let c be l(-10). Let o = 31 + c. What is the tens digit of o?
1
Let b = -197 + 119. Let t = 192 + b. What is the tens digit of t?
1
Suppose -58469 = -28*r - 2833. What is the tens digit of r?
8
Let z(u) = -u**3 + u**2 - u + 19. Let p be z(0). Let i = -15 + p. Suppose 0 = r - 6*r + i*k + 200, 3*r - 120 = k. What is the units digit of r?
0
Let u(c) be the third derivative of 5*c**4/12 + 3*c**3/2 - 4*c**2. Let j(r) = -5*r - 4. Let y(q) = 5*j(q) + 2*u(q). What is the units digit of y(-5)?
3
Suppose 5*n = 456 + 674. Let y = n - 126. What is the units digit of y?
0
Let j(b) = -93*b + 54. What is the tens digit of j(-14)?
5
Let t = -1578 + 2230. What is the tens digit of t?
5
Let a = -11 + 22. What is the units digit of a?
1
Let p be 37 + (-2)/4*(-16)/(-8). Suppose 0 = -2*i - p + 400. What is the tens digit of i?
8
Let y be 34/9 - (-16)/72. Let m(w) = -w + 0*w - 10 - y*w. What is the units digit of m(-4)?
0
What is the hundreds digit of ((-9)/(45/2350))/(-1)?
4
Suppose -25*i + 36*i = 1947. What is the units digit of i?
7
Let k(c) = -3*c + 1. Let f be k(-2). Let d(r) = 2*r**2 - 14*r. Let o be d(f). Suppose -q + 2 - 7 = 0, o = n - 2*q - 23. What is the units digit of n?
3
Suppose 0 = -5*z + s + 5 + 28, 0 = s + 3. Let f(g) = 3*g + 4. Let a be f(5). Suppose -z = -l + a. What is the units digit of l?
5
Let h(s) = -983*s**3 + 3*s + 3. What is the tens digit of h(-1)?
8
Suppose -13 + 8 = -5*m. What is the tens digit of ((-3)/(-6))/(((-1)/(-88))/m)?
4
Let o(q) = 3 + q**2 + 0 - 16*q + 0. Let j be o(14). Let r = 3 - j. What is the units digit of r?
8
Suppose -726 = -13*g + 3343. What is the units digit of g?
3
Let n = -98 + 169. Let q(i) = i**3 - 10*i**2 - 3*i - 9. Let z be q(10). Let b = n + z. What is the tens digit of b?
3
Suppose 0 = -3*k - 11 - 37. Let z be (-26)/10 + k/40. What is the tens digit of (-4)/(-6)*(z - -30)?
1
Let o(y) = 2*y - 5. Let s be o(5). Suppose 0*n + 15 = s*n. Let a(w) = w**3 - 3*w**2 + 3*w + 2. What is the units digit of a(n)?
1
Suppose 0 = -8*n - 35 - 69. Suppose 6*t - t = 75. Let r = n + t. What is the units digit of r?
2
Suppose -2*m - 4*n + 172 = 0, -m - 8*n + 3*n = -71. What is the units digit of m?
6
Let u(y) = -3*y - 19. Let t be u(6). Let n = t + 93. What is the units digit of n?
6
Let i(f) = 11*f**2 + 6. Let k(z) = 10*z**2 + 5. Let s(m) = -5*i(m) + 6*k(m). What is the units digit of s(1)?
5
Let d = 137 - 86. Suppose -3*t + d = -9. What is the units digit of t?
0
Let o = 129 + -136. What is the hundreds digit of (-6)/o*(368 + -4)?
3
Suppose 5*s = 31*y - 32*y + 167, 4*s - 20 = 0. What is the units digit of y?
2
Suppose 4*w + 3*x - 6 = 0, 0 = 5*w + 3*x - 9. Suppose -w*p - 778 = -6*p - 4*i, -2*p + 5*i = -511. What is the tens digit of p/9 - (-6)/(-9)?
2
Suppose w + 3*p - 2*p - 112 = 0, -3*p = -2*w + 249. What is the hundreds digit of w?
1
Let z = 190 - 105. What is the tens digit of 34/z + 1316/10 + 2?
3
Suppose 15*z - 12*z - 246 = 0. Suppose 6*k - 1162 = -z. Suppose 0*d = -5*d + k. What is the tens digit of d?
3
Let s = 1091 - -479. What is the thousands digit of s?
1
Suppose -8 = -n + 3. Let s(u) = -15 + 10*u**2 - u**3 - u + 14 + 14*u. What is the units digit of s(n)?
1
Let r(w) = -w**2 + 19*w - 14. Let z be r(11). What is the units digit of (-54)/36*z/(-3)?
7
Suppose 439*m + 14032 = 447*m. What is the thousands digit of m?
1
Suppose -4*k - 5 + 19 = 2*a, -24 = -3*k + 3*a. Let f = -17 - -21. Let u = k + f. What is the units digit of u?
9
Let q(p) = -p**3 + 15*p**2 - 5*p - 5. Let v be q(14). Suppose 3*s + v - 1 = 0. Let b = -3 - s. What is the units digit of b?
7
Let g(m) = 4*m**3 - 3*m**2 - 2*m - 1. Let o be g(4). Suppose -5*d + 0*d + 20 = 0, d - o = -5*c. What is the units digit of c?
9
What is the hundreds digit of (-2)/10 - (-766)/5?
1
Let k = 18 - 12. Let z = k - -16. What is the units digit of z?
2
Let m(o) = -150*o - 126. What is the tens digit of m(-3)?
2
Suppose -4*b + 1427 + 4945 = 0. What is the tens digit of b?
9
Suppose -11*b - 55167 = -48*b. What is the tens digit of b?
9
Let s(c) = 2*c**2 - 18*c + 219. What is the hundreds digit of s(18)?
5
Let c = 221 + 450. What is the tens digit of c?
7
Let h(o) = o - 7. Let w(l) = -l + 8. Let p(y) = -3*h(y) - 2*w(y). What is the tens digit of p(-10)?
1
Suppose 3*x + 4*a - 1861 = -a, 0 = 3*x + 2*a - 1873. What is the hundreds digit of x?
6
Let p = 9 + -10. What is the tens digit of (88 - -1)*(0 + 2 + p)?
8
Let y be (-6)/(-3) + 1 + 2. Suppose -1 = y*k - 4*b, k + 2*k = 5*b - 11. What is the tens digit of (k + -3 - -18) + 0?
1
Let i be -1 + 4/(-4) + 4. Let g = 0 - i. What is the tens digit of (2/4)/(g/(-96))?
2
Let t be 1086/10 + 6/15. Let y = -14 + t. What is the tens digit of y?
9
Suppose -2*s - 2*x + 176 = 0, 0 = -2*s + 5*s - 5*x - 304. Let f = s - 46. What is the units digit of f?
7
Suppose d = -0*d - 29. Let h be 3/(-2)*((-182)/(-6) - 1). Let y = d - h. What is the tens digit of y?
1
Let b = 314 + 112. Suppose 0 = -2*z - 94 + b. What is the units digit of z?
6
Let y be 1 + -3 + 0 + -2. Let p = -2 - y. Suppose 2*s - 102 = 3*t, s + 0*s = -p*t + 65. What is the units digit of s?
7
Let m(v) = v + 49. Let j = -28 + 28. Let b be m(j). What is the tens digit of -2 - -1*(b - -1)?
4
Let d be (-3 - 0)/(1 + 0). Let w be -2 - (21 - 0)*d. What is the tens digit of -2*w*(-5)/10?
6
What is the units digit of ((-88)/44 - 3/(-2))*-572?
6
Suppose 2*z - 10 = -5*x - 3*z, 5*z + 22 = 3*x. Suppose 2*v + 7 = o, -3*o + v = -x*v - 16. What is the units digit of -13*(-2 - (o + 3))?
6
Let g = 92 + 321. What is the tens digit of g?
1
Let l(k) = -218*k - 8. Let x be l(-3). Let g = x + -1854. What is the units digit of g/(-24) - 2/6?
0
Let a be (5 + -3)/(1*2/5). Suppose -101 = -o + a*v, -3*v = -o - o + 216. What is the tens digit of o?
1
Suppose 8*u - 3*w + 566 = 4*u, 5*u = 5*w - 705. Let l = u - -233. What is the tens digit of l?
9
Suppose 4*l = -3*y + 7*y - 32, -l = 4*y - 17. Suppose -5*m + 158 = -3*m + y*d, 237 = 3*m + 2*d. What is the units digit of m?
9
Let t(x) = -x**3 + 22*x**2 - 20*x - 13. What is the hundreds digit of t(20)?
3
Suppose 60 = 6*j - 3*j. Suppose l - j = -3*l, -3*p + 4*l - 17 = 0. What is the units digit of p - ((1 - 2) + -2)?
4
What is the units digit of 12/(-18)*(-18)/(-4) - -37?
4
Let j = 49 - 34. Let d be (20/j)/(1/3). What is the tens digit of 52 - ((-12)/d + 5)?
5
Let y(r) = -2*r**3 - 4*r**2 + 6*r + 6. Suppose -5*i = l - 6, -5*i = -l - 0*l - 14. Let k be y(l). Suppose -3*z = -17 - k. What is the units digit of z?
1
Let z = 0 + 0. Let h(p) = -p**2 + p + 5. Let j be h(z). Suppose 0 = -2*k + j + 33. What is the units digit of k?
9
Suppose 2*f - 5 = 15. Let h be 1307/5 + f/(-25). Suppose -3*d - 96 = 3*l - h, 104 = 2*l - d. What is the units digit of l?
3
Suppose -50 = -19*v + 14*v. What is the units digit of (-3980)/(-50) + -2*3/v?
9
Let x = -24 + 83. Let g = 55 - 26. Let u = x - g. What is the units digit of u?
0
Suppose -2*u + 2344 = 4*t, 5*t - u - 1946 = 977. What i